{"id":47588,"date":"2025-01-27T18:28:09","date_gmt":"2025-01-27T17:28:09","guid":{"rendered":"https:\/\/www.maisonschwind.lu\/product\/cadre-a-broder-standard-360-x-200-mm-prph360-pour-brother-pr\/"},"modified":"2025-01-27T18:34:45","modified_gmt":"2025-01-27T17:34:45","slug":"cadre-a-broder-standard-360-x-200-mm-prph360-pour-brother-pr","status":"publish","type":"product","link":"https:\/\/www.maisonschwind.lu\/fr\/produit\/cadre-a-broder-standard-360-x-200-mm-prph360-pour-brother-pr\/","title":{"rendered":"Cadre \u00e0 broder standard 360 x 200 mm PRPH360 pour Brother PR"},"content":{"rendered":"\t\t<div data-elementor-type=\"wp-post\" data-elementor-id=\"47588\" class=\"elementor elementor-47588 elementor-47577\">\n\t\t\t\t\t\t\t\t\t<section class=\"elementor-section elementor-top-section elementor-element elementor-element-10749cc8 elementor-section-boxed elementor-section-height-default elementor-section-height-default\" data-id=\"10749cc8\" data-element_type=\"section\">\n\t\t\t\t\t\t<div class=\"elementor-container elementor-column-gap-default\">\n\t\t\t\t\t<div class=\"elementor-column elementor-col-100 elementor-top-column elementor-element elementor-element-3391f45a\" data-id=\"3391f45a\" data-element_type=\"column\">\n\t\t\t<div class=\"elementor-widget-wrap elementor-element-populated\">\n\t\t\t\t\t\t\t\t<div class=\"elementor-element elementor-element-241e0352 elementor-widget elementor-widget-text-editor\" data-id=\"241e0352\" data-element_type=\"widget\" data-widget_type=\"text-editor.default\">\n\t\t\t\t<div class=\"elementor-widget-container\">\n\t\t\t<style>\/*! elementor - v3.6.7 - 03-07-2022 *\/\n.elementor-widget-text-editor.elementor-drop-cap-view-stacked .elementor-drop-cap{background-color:#818a91;color:#fff}.elementor-widget-text-editor.elementor-drop-cap-view-framed .elementor-drop-cap{color:#818a91;border:3px solid;background-color:transparent}.elementor-widget-text-editor:not(.elementor-drop-cap-view-default) .elementor-drop-cap{margin-top:8px}.elementor-widget-text-editor:not(.elementor-drop-cap-view-default) .elementor-drop-cap-letter{width:1em;height:1em}.elementor-widget-text-editor .elementor-drop-cap{float:left;text-align:center;line-height:1;font-size:50px}.elementor-widget-text-editor .elementor-drop-cap-letter{display:inline-block}<\/style>\t\t\t\t\t\t\t\t\t\t<\/div>\n\t\t\t\t<\/div>\n\t\t\t\t\t<\/div>\n\t\t<\/div>\n\t\t\t\t\t\t\t<\/div>\n\t\t<\/section>\n\t\t\t\t\t\t\t<\/div>\n\t\t","protected":false},"excerpt":{"rendered":"<p>Champ de broderie de 360\u00a0x\u00a0200 mm adapt\u00e9 \u00e0 une grande vari\u00e9t\u00e9 d\u2019applications.<\/p>\n<p>Cr\u00e9ez des motifs de broderie de tr\u00e8s grande taille sans avoir \u00e0 repositionner le cadre \u00e0 broder sur le tissu.<\/p>\n<p>Champ de broderie de 360 x 200 mm<\/p>\n<p>Compatible avec les mod\u00e8les PR1055X, PR1050X, PR1000e et PR1000.<\/p>\n","protected":false},"featured_media":47579,"comment_status":"closed","ping_status":"closed","template":"","meta":[],"product_cat":[1507,1397],"product_tag":[],"aioseo_notices":[],"_links":{"self":[{"href":"https:\/\/www.maisonschwind.lu\/fr\/wp-json\/wp\/v2\/product\/47588"}],"collection":[{"href":"https:\/\/www.maisonschwind.lu\/fr\/wp-json\/wp\/v2\/product"}],"about":[{"href":"https:\/\/www.maisonschwind.lu\/fr\/wp-json\/wp\/v2\/types\/product"}],"replies":[{"embeddable":true,"href":"https:\/\/www.maisonschwind.lu\/fr\/wp-json\/wp\/v2\/comments?post=47588"}],"version-history":[{"count":1,"href":"https:\/\/www.maisonschwind.lu\/fr\/wp-json\/wp\/v2\/product\/47588\/revisions"}],"predecessor-version":[{"id":47590,"href":"https:\/\/www.maisonschwind.lu\/fr\/wp-json\/wp\/v2\/product\/47588\/revisions\/47590"}],"wp:featuredmedia":[{"embeddable":true,"href":"https:\/\/www.maisonschwind.lu\/fr\/wp-json\/wp\/v2\/media\/47579"}],"wp:attachment":[{"href":"https:\/\/www.maisonschwind.lu\/fr\/wp-json\/wp\/v2\/media?parent=47588"}],"wp:term":[{"taxonomy":"product_cat","embeddable":true,"href":"https:\/\/www.maisonschwind.lu\/fr\/wp-json\/wp\/v2\/product_cat?post=47588"},{"taxonomy":"product_tag","embeddable":true,"href":"https:\/\/www.maisonschwind.lu\/fr\/wp-json\/wp\/v2\/product_tag?post=47588"}],"curies":[{"name":"wp","href":"https:\/\/api.w.org\/{rel}","templated":true}]}}

Cadre à broder standard 360 x 200 mm PRPH360 pour Brother PR

<p>Champ de broderie de 360 x 200 mm adapté à une grande variété d’applications.</p>
<p>Créez des motifs de broderie de très grande taille sans avoir à repositionner le cadre à broder sur le tissu.</p>
<p>Champ de broderie de 360 x 200 mm</p>
<p>Compatible avec les modèles PR1055X, PR1050X, PR1000e et PR1000.</p>
