{"id":59288,"date":"2025-10-07T09:28:44","date_gmt":"2025-10-07T07:28:44","guid":{"rendered":"https:\/\/www.maisonschwind.lu\/product\/husqvarna-viking-amber-s-300\/"},"modified":"2025-10-07T09:35:13","modified_gmt":"2025-10-07T07:35:13","slug":"husqvarna-viking-amber-s-300","status":"publish","type":"product","link":"https:\/\/www.maisonschwind.lu\/fr\/produit\/husqvarna-viking-amber-s-300\/","title":{"rendered":"Husqvarna Viking AMBER\u2122 S | 300"},"content":{"rendered":"\t\t<div data-elementor-type=\"wp-post\" data-elementor-id=\"59288\" class=\"elementor elementor-59288 elementor-59277\">\n\t\t\t\t\t\t\t\t\t<section class=\"elementor-section elementor-top-section elementor-element elementor-element-10749cc8 elementor-section-boxed elementor-section-height-default elementor-section-height-default\" data-id=\"10749cc8\" data-element_type=\"section\">\n\t\t\t\t\t\t<div class=\"elementor-container elementor-column-gap-default\">\n\t\t\t\t\t<div class=\"elementor-column elementor-col-100 elementor-top-column elementor-element elementor-element-3391f45a\" data-id=\"3391f45a\" data-element_type=\"column\">\n\t\t\t<div class=\"elementor-widget-wrap elementor-element-populated\">\n\t\t\t\t\t\t\t\t<div class=\"elementor-element elementor-element-241e0352 elementor-widget elementor-widget-text-editor\" data-id=\"241e0352\" data-element_type=\"widget\" data-widget_type=\"text-editor.default\">\n\t\t\t\t<div class=\"elementor-widget-container\">\n\t\t\t<style>\/*! elementor - v3.6.7 - 03-07-2022 *\/\n.elementor-widget-text-editor.elementor-drop-cap-view-stacked .elementor-drop-cap{background-color:#818a91;color:#fff}.elementor-widget-text-editor.elementor-drop-cap-view-framed .elementor-drop-cap{color:#818a91;border:3px solid;background-color:transparent}.elementor-widget-text-editor:not(.elementor-drop-cap-view-default) .elementor-drop-cap{margin-top:8px}.elementor-widget-text-editor:not(.elementor-drop-cap-view-default) .elementor-drop-cap-letter{width:1em;height:1em}.elementor-widget-text-editor .elementor-drop-cap{float:left;text-align:center;line-height:1;font-size:50px}.elementor-widget-text-editor .elementor-drop-cap-letter{display:inline-block}<\/style>\t\t\t\t<ul><li><strong>Contr\u00f4le pr\u00e9cis de l\u2019enfilage<\/strong>\u00a0\u2013 Ajustez facilement la quantit\u00e9 de fil de surjet afin que les points se forment proprement le long du bord du tissu pour des r\u00e9sultats optimaux et avec moins de r\u00e9glages.<\/li><li><strong>\u00c9clairage du boucleur inf\u00e9rieur<\/strong>\u00a0\u2013 Un \u00e9clairage suppl\u00e9mentaire offre une meilleure visibilit\u00e9 dans la zone du boucleur, ce qui facilite l\u2019enfilage.<\/li><li><strong>Vitesse de couture \u00e9lev\u00e9e<\/strong>\u00a0\u2013 R\u00e9alisez vos projets rapidement avec des vitesses de couture allant jusqu\u2019\u00e0 1 500 points par minute.<\/li><li><strong>Arr\u00eat automatique de l\u2019aiguille en position haute<\/strong>\u00a0\u2013 Lorsque vous arr\u00eatez de coudre, l\u2019aiguille et les boucleurs reviennent automatiquement \u00e0 la bonne position pour l\u2019enfilage.<\/li><li><strong>Moteur \u00e0 courant continu puissant<\/strong>\u00a0\u2013 Contr\u00f4le point par point avec une puissance de per\u00e7age compl\u00e8te \u00e0 toutes les vitesses.<\/li><li><strong>16 points<\/strong>\u00a0\u2013 La capacit\u00e9 de point 4\/3\/2 fils permet de r\u00e9aliser des points de surjet, des points plats, des ourlets roul\u00e9s et bien plus encore. Vous pouvez coudre, couper, surfiler et embellir une large gamme de projets.<\/li><li><strong>Table d\u2019extension<\/strong>\u00a0\u2013 Les projets de plus grande envergure sont bien soutenus par cette surface robuste et plane, qui offre un espace de travail suppl\u00e9mentaire de 10\u2033 (25,5 cm).\u00a0Inclus avec la machine.<\/li><li><strong>Genouill\u00e8re<\/strong>\u00a0\u2013 Utilisez la genouill\u00e8re pour lever et abaisser le pied-de-biche, vous permettant ainsi de garder les deux mains sur votre projet \u2013 particuli\u00e8rement utile lorsque vous travaillez avec des projets plus grands et des tissus difficiles \u00e0 manipuler.<\/li><li><strong>Rangement d\u2019accessoires int\u00e9gr\u00e9<\/strong> \u2013 Ayez toujours vos outils cl\u00e9s \u00e0 port\u00e9e de main pendant que vous cousez. Vos pinces, tournevis, brosse de nettoyage, convertisseur de boucleur sup\u00e9rieur et aiguilles ont tous des supports d\u00e9di\u00e9s \u00e0 l\u2019int\u00e9rieur du couvercle avant.\u00a0<\/li><\/ul>\t\t\t\t\t\t<\/div>\n\t\t\t\t<\/div>\n\t\t\t\t\t<\/div>\n\t\t<\/div>\n\t\t\t\t\t\t\t<\/div>\n\t\t<\/section>\n\t\t\t\t\t\t\t<\/div>\n\t\t","protected":false},"excerpt":{"rendered":"<p>La surjeteuse HUSQVARNA\u00ae VIKING\u00ae AMBER\u2122 S | 300 est soigneusement con\u00e7ue pour soutenir votre parcours cr\u00e9atif. Avec un contr\u00f4le pr\u00e9cis du fil, des fonctionnalit\u00e9s intuitives telles que l\u2019\u00e9clairage du boucleur inf\u00e9rieur, la fonction de levage du genou et une table d\u2019extension spacieuse, il offre des finitions de qualit\u00e9 professionnelle en toute simplicit\u00e9, afin que vous puissiez vous concentrer sur la concr\u00e9tisation de vos id\u00e9es.<\/p>\n<p><a href=\"https:\/\/husqvarnavikingbenelux.com\/wp-content\/uploads\/2025\/08\/HV-AmberS300-FR-A4-ProductOnePager.pdf\" target=\"_blank\" rel=\"noopener\"><img loading=\"lazy\" class=\"alignnone wp-image-17937 size-full\" src=\"https:\/\/www.maisonschwind.lu\/shop\/wp-content\/uploads\/2022\/09\/pdf-brochure-fr-3.png\" alt=\"\" width=\"150\" height=\"60\" \/><\/a><\/p>\n<p>Garantie 2 ans + 3 ans si enregistrement produit<\/p>\n","protected":false},"featured_media":59279,"comment_status":"closed","ping_status":"closed","template":"","meta":[],"product_cat":[1381],"product_tag":[],"aioseo_notices":[],"_links":{"self":[{"href":"https:\/\/www.maisonschwind.lu\/fr\/wp-json\/wp\/v2\/product\/59288"}],"collection":[{"href":"https:\/\/www.maisonschwind.lu\/fr\/wp-json\/wp\/v2\/product"}],"about":[{"href":"https:\/\/www.maisonschwind.lu\/fr\/wp-json\/wp\/v2\/types\/product"}],"replies":[{"embeddable":true,"href":"https:\/\/www.maisonschwind.lu\/fr\/wp-json\/wp\/v2\/comments?post=59288"}],"version-history":[{"count":2,"href":"https:\/\/www.maisonschwind.lu\/fr\/wp-json\/wp\/v2\/product\/59288\/revisions"}],"predecessor-version":[{"id":59294,"href":"https:\/\/www.maisonschwind.lu\/fr\/wp-json\/wp\/v2\/product\/59288\/revisions\/59294"}],"wp:featuredmedia":[{"embeddable":true,"href":"https:\/\/www.maisonschwind.lu\/fr\/wp-json\/wp\/v2\/media\/59279"}],"wp:attachment":[{"href":"https:\/\/www.maisonschwind.lu\/fr\/wp-json\/wp\/v2\/media?parent=59288"}],"wp:term":[{"taxonomy":"product_cat","embeddable":true,"href":"https:\/\/www.maisonschwind.lu\/fr\/wp-json\/wp\/v2\/product_cat?post=59288"},{"taxonomy":"product_tag","embeddable":true,"href":"https:\/\/www.maisonschwind.lu\/fr\/wp-json\/wp\/v2\/product_tag?post=59288"}],"curies":[{"name":"wp","href":"https:\/\/api.w.org\/{rel}","templated":true}]}}

<div data-elementor-type="wp-post" data-elementor-id="59288" class="elementor elementor-59288 elementor-59277">
									<section class="elementor-section elementor-top-section elementor-element elementor-element-10749cc8 elementor-section-boxed elementor-section-height-default elementor-section-height-default" data-id="10749cc8" data-element_type="section">
						<div class="elementor-container elementor-column-gap-default">
					<div class="elementor-column elementor-col-100 elementor-top-column elementor-element elementor-element-3391f45a" data-id="3391f45a" data-element_type="column">
			<div class="elementor-widget-wrap elementor-element-populated">
								<div class="elementor-element elementor-element-241e0352 elementor-widget elementor-widget-text-editor" data-id="241e0352" data-element_type="widget" data-widget_type="text-editor.default">
				<div class="elementor-widget-container">
			<style>/*! elementor - v3.6.7 - 03-07-2022 */
.elementor-widget-text-editor.elementor-drop-cap-view-stacked .elementor-drop-cap{background-color:#818a91;color:#fff}.elementor-widget-text-editor.elementor-drop-cap-view-framed .elementor-drop-cap{color:#818a91;border:3px solid;background-color:transparent}.elementor-widget-text-editor:not(.elementor-drop-cap-view-default) .elementor-drop-cap{margin-top:8px}.elementor-widget-text-editor:not(.elementor-drop-cap-view-default) .elementor-drop-cap-letter{width:1em;height:1em}.elementor-widget-text-editor .elementor-drop-cap{float:left;text-align:center;line-height:1;font-size:50px}.elementor-widget-text-editor .elementor-drop-cap-letter{display:inline-block}</style>				<ul><li><strong>Contrôle précis de l’enfilage</strong> – Ajustez facilement la quantité de fil de surjet afin que les points se forment proprement le long du bord du tissu pour des résultats optimaux et avec moins de réglages.</li><li><strong>Éclairage du boucleur inférieur</strong> – Un éclairage supplémentaire offre une meilleure visibilité dans la zone du boucleur, ce qui facilite l’enfilage.</li><li><strong>Vitesse de couture élevée</strong> – Réalisez vos projets rapidement avec des vitesses de couture allant jusqu’à 1 500 points par minute.</li><li><strong>Arrêt automatique de l’aiguille en position haute</strong> – Lorsque vous arrêtez de coudre, l’aiguille et les boucleurs reviennent automatiquement à la bonne position pour l’enfilage.</li><li><strong>Moteur à courant continu puissant</strong> – Contrôle point par point avec une puissance de perçage complète à toutes les vitesses.</li><li><strong>16 points</strong> – La capacité de point 4/3/2 fils permet de réaliser des points de surjet, des points plats, des ourlets roulés et bien plus encore. Vous pouvez coudre, couper, surfiler et embellir une large gamme de projets.</li><li><strong>Table d’extension</strong> – Les projets de plus grande envergure sont bien soutenus par cette surface robuste et plane, qui offre un espace de travail supplémentaire de 10″ (25,5 cm). Inclus avec la machine.</li><li><strong>Genouillère</strong> – Utilisez la genouillère pour lever et abaisser le pied-de-biche, vous permettant ainsi de garder les deux mains sur votre projet – particulièrement utile lorsque vous travaillez avec des projets plus grands et des tissus difficiles à manipuler.</li><li><strong>Rangement d’accessoires intégré</strong> – Ayez toujours vos outils clés à portée de main pendant que vous cousez. Vos pinces, tournevis, brosse de nettoyage, convertisseur de boucleur supérieur et aiguilles ont tous des supports dédiés à l’intérieur du couvercle avant. </li></ul>						</div>
				</div>
					</div>
		</div>
							</div>
		</section>
							</div>

<p>La surjeteuse HUSQVARNA® VIKING® AMBER™ S | 300 est soigneusement conçue pour soutenir votre parcours créatif. Avec un contrôle précis du fil, des fonctionnalités intuitives telles que l’éclairage du boucleur inférieur, la fonction de levage du genou et une table d’extension spacieuse, il offre des finitions de qualité professionnelle en toute simplicité, afin que vous puissiez vous concentrer sur la concrétisation de vos idées.</p>
<p><a href="https://husqvarnavikingbenelux.com/wp-content/uploads/2025/08/HV-AmberS300-FR-A4-ProductOnePager.pdf" target="_blank" rel="noopener"><img loading="lazy" class="alignnone wp-image-17937 size-full" src="https://www.maisonschwind.lu/shop/wp-content/uploads/2022/09/pdf-brochure-fr-3.png" alt="" width="150" height="60" /></a></p>
<p>Garantie 2 ans + 3 ans si enregistrement produit</p>
