{"id":62269,"date":"2025-11-19T11:57:08","date_gmt":"2025-11-19T10:57:08","guid":{"rendered":"https:\/\/www.maisonschwind.lu\/product\/patron-combinaison-pyjama-bebe-lisboa-pochete-02-lisb-ikper016p\/"},"modified":"2025-12-05T09:37:33","modified_gmt":"2025-12-05T08:37:33","slug":"patron-combinaison-pyjama-bebe-lisboa-pochette-02-lisb-ikper016p","status":"publish","type":"product","link":"https:\/\/www.maisonschwind.lu\/fr\/produit\/patron-combinaison-pyjama-bebe-lisboa-pochette-02-lisb-ikper016p\/","title":{"rendered":"Patron combinaison pyjama b\u00e9b\u00e9 LISBOA pochette 02.LISB-IKPER016P"},"content":{"rendered":"\t\t<div data-elementor-type=\"wp-post\" data-elementor-id=\"62269\" class=\"elementor elementor-62269 elementor-61623\">\n\t\t\t\t\t\t\t\t\t<section class=\"elementor-section elementor-top-section elementor-element elementor-element-10749cc8 elementor-section-boxed elementor-section-height-default elementor-section-height-default\" data-id=\"10749cc8\" data-element_type=\"section\">\n\t\t\t\t\t\t<div class=\"elementor-container elementor-column-gap-default\">\n\t\t\t\t\t<div class=\"elementor-column elementor-col-100 elementor-top-column elementor-element elementor-element-3391f45a\" data-id=\"3391f45a\" data-element_type=\"column\">\n\t\t\t<div class=\"elementor-widget-wrap elementor-element-populated\">\n\t\t\t\t\t\t\t\t<div class=\"elementor-element elementor-element-241e0352 elementor-widget elementor-widget-text-editor\" data-id=\"241e0352\" data-element_type=\"widget\" data-widget_type=\"text-editor.default\">\n\t\t\t\t<div class=\"elementor-widget-container\">\n\t\t\t<style>\/*! elementor - v3.6.7 - 03-07-2022 *\/\n.elementor-widget-text-editor.elementor-drop-cap-view-stacked .elementor-drop-cap{background-color:#818a91;color:#fff}.elementor-widget-text-editor.elementor-drop-cap-view-framed .elementor-drop-cap{color:#818a91;border:3px solid;background-color:transparent}.elementor-widget-text-editor:not(.elementor-drop-cap-view-default) .elementor-drop-cap{margin-top:8px}.elementor-widget-text-editor:not(.elementor-drop-cap-view-default) .elementor-drop-cap-letter{width:1em;height:1em}.elementor-widget-text-editor .elementor-drop-cap{float:left;text-align:center;line-height:1;font-size:50px}.elementor-widget-text-editor .elementor-drop-cap-letter{display:inline-block}<\/style>\t\t\t\t<p>Lisboa est un patron de combinaison ou de pyjama mixte pour b\u00e9b\u00e9. Le mod\u00e8le peut se r\u00e9aliser avec des manches longues, courtes ou sans manches, et avec des jambes longues ou courtes. Une patte de boutonnage \u00e0 l\u2019avant permet l\u2019enfilage du v\u00eatement. Des poches fantaisies (lapin ou souris) sont propos\u00e9es en option.<br \/><strong>Lisboa et une belle nuit de sommeil : la combinaison gagnante !<\/strong><\/p><p>Disponible du 6 mois au 4 ans.\u00a0<\/p>\t\t\t\t\t\t<\/div>\n\t\t\t\t<\/div>\n\t\t\t\t\t<\/div>\n\t\t<\/div>\n\t\t\t\t\t\t\t<\/div>\n\t\t<\/section>\n\t\t\t\t\t\t\t<\/div>\n\t\t","protected":false},"excerpt":{"rendered":"<p>Chez Ikatee, nous sommes passionn\u00e9s par la couture et nous adorons partager nos cr\u00e9ations, nos astuces et nos coups de c\u0153ur pour vous inspirer \u00e0 cr\u00e9er toujours plus. Nous proposons des patrons de couture intuitifs, complets, d\u00e9taill\u00e9s, et surtout : accessibles \u00e0 tous !<\/p>\n","protected":false},"featured_media":61635,"comment_status":"closed","ping_status":"closed","template":"","meta":[],"product_cat":[1556],"product_tag":[],"aioseo_notices":[],"_links":{"self":[{"href":"https:\/\/www.maisonschwind.lu\/fr\/wp-json\/wp\/v2\/product\/62269"}],"collection":[{"href":"https:\/\/www.maisonschwind.lu\/fr\/wp-json\/wp\/v2\/product"}],"about":[{"href":"https:\/\/www.maisonschwind.lu\/fr\/wp-json\/wp\/v2\/types\/product"}],"replies":[{"embeddable":true,"href":"https:\/\/www.maisonschwind.lu\/fr\/wp-json\/wp\/v2\/comments?post=62269"}],"version-history":[{"count":3,"href":"https:\/\/www.maisonschwind.lu\/fr\/wp-json\/wp\/v2\/product\/62269\/revisions"}],"predecessor-version":[{"id":62281,"href":"https:\/\/www.maisonschwind.lu\/fr\/wp-json\/wp\/v2\/product\/62269\/revisions\/62281"}],"wp:featuredmedia":[{"embeddable":true,"href":"https:\/\/www.maisonschwind.lu\/fr\/wp-json\/wp\/v2\/media\/61635"}],"wp:attachment":[{"href":"https:\/\/www.maisonschwind.lu\/fr\/wp-json\/wp\/v2\/media?parent=62269"}],"wp:term":[{"taxonomy":"product_cat","embeddable":true,"href":"https:\/\/www.maisonschwind.lu\/fr\/wp-json\/wp\/v2\/product_cat?post=62269"},{"taxonomy":"product_tag","embeddable":true,"href":"https:\/\/www.maisonschwind.lu\/fr\/wp-json\/wp\/v2\/product_tag?post=62269"}],"curies":[{"name":"wp","href":"https:\/\/api.w.org\/{rel}","templated":true}]}}

Patron combinaison pyjama bébé LISBOA pochette 02.LISB-IKPER016P

<div data-elementor-type="wp-post" data-elementor-id="62269" class="elementor elementor-62269 elementor-61623">
									<section class="elementor-section elementor-top-section elementor-element elementor-element-10749cc8 elementor-section-boxed elementor-section-height-default elementor-section-height-default" data-id="10749cc8" data-element_type="section">
						<div class="elementor-container elementor-column-gap-default">
					<div class="elementor-column elementor-col-100 elementor-top-column elementor-element elementor-element-3391f45a" data-id="3391f45a" data-element_type="column">
			<div class="elementor-widget-wrap elementor-element-populated">
								<div class="elementor-element elementor-element-241e0352 elementor-widget elementor-widget-text-editor" data-id="241e0352" data-element_type="widget" data-widget_type="text-editor.default">
				<div class="elementor-widget-container">
			<style>/*! elementor - v3.6.7 - 03-07-2022 */
.elementor-widget-text-editor.elementor-drop-cap-view-stacked .elementor-drop-cap{background-color:#818a91;color:#fff}.elementor-widget-text-editor.elementor-drop-cap-view-framed .elementor-drop-cap{color:#818a91;border:3px solid;background-color:transparent}.elementor-widget-text-editor:not(.elementor-drop-cap-view-default) .elementor-drop-cap{margin-top:8px}.elementor-widget-text-editor:not(.elementor-drop-cap-view-default) .elementor-drop-cap-letter{width:1em;height:1em}.elementor-widget-text-editor .elementor-drop-cap{float:left;text-align:center;line-height:1;font-size:50px}.elementor-widget-text-editor .elementor-drop-cap-letter{display:inline-block}</style>				<p>Lisboa est un patron de combinaison ou de pyjama mixte pour bébé. Le modèle peut se réaliser avec des manches longues, courtes ou sans manches, et avec des jambes longues ou courtes. Une patte de boutonnage à l’avant permet l’enfilage du vêtement. Des poches fantaisies (lapin ou souris) sont proposées en option.<br /><strong>Lisboa et une belle nuit de sommeil : la combinaison gagnante !</strong></p><p>Disponible du 6 mois au 4 ans. </p>						</div>
				</div>
					</div>
		</div>
							</div>
		</section>
							</div>

<p>Chez Ikatee, nous sommes passionnés par la couture et nous adorons partager nos créations, nos astuces et nos coups de cœur pour vous inspirer à créer toujours plus. Nous proposons des patrons de couture intuitifs, complets, détaillés, et surtout : accessibles à tous !</p>
